{"id":14385,"date":"2025-03-21T14:17:03","date_gmt":"2025-03-21T14:17:03","guid":{"rendered":"https:\/\/alorna.pt\/?post_type=product&#038;p=14385"},"modified":"2025-12-09T11:42:52","modified_gmt":"2025-12-09T11:42:52","slug":"quinta-da-alorna-colheita-tardia-tinto-2016","status":"publish","type":"product","link":"https:\/\/alorna.pt\/en\/produto\/quinta-da-alorna-colheita-tardia-tinto-2016\/","title":{"rendered":"Quinta da Alorna Colheita Tardia Tinto 2016"},"content":{"rendered":"<p>Cor rubi com laivos vermelhos. \u00c9 um vinho distinto exibindo aromas de ginja, geleia de frutos vermelhos e um toque subtil de chocolate negro. Apresenta volume e estrutura para equilibrar a do\u00e7ura e a acidez. A boca \u00e9 de textura cremosa com sugest\u00f5es de rebu\u00e7ado e especiarias. Final de boca persistente, longo e refrescante, final surpreendente e agrad\u00e1vel.<\/p>\n<ul>\n<li>Casta: Tinta Mi\u00fada;<\/li>\n<li>Sugest\u00f5es de acompanhamento: Como aperitivo, Queijos fundidos, Cubos de chocolate, Frutos silvestres, Cheesecake ou Bolos \u00e0 base de especiarias.<\/li>\n<li>Temperatura Recomendada: 12\u00baC.<\/li>\n<\/ul>\n<p>FORMATO | 375ml<\/p>\n","protected":false},"excerpt":{"rendered":"<p>Cor rubi com laivos vermelhos. \u00c9 um vinho distinto exibindo  [&#8230;]<\/p>\n","protected":false},"featured_media":14386,"comment_status":"open","ping_status":"closed","template":"","meta":[],"product_brand":[],"product_cat":[71,78],"product_tag":[],"class_list":{"0":"post-14385","1":"product","2":"type-product","3":"status-publish","4":"has-post-thumbnail","6":"product_cat-vinhos","7":"product_cat-vinhos-de-sobremesa","9":"first","10":"instock","11":"shipping-taxable","12":"purchasable","13":"product-type-simple"},"yoast_head":"<!-- This site is optimized with the Yoast SEO plugin v27.5 - https:\/\/yoast.com\/product\/yoast-seo-wordpress\/ -->\n<title>Quinta da Alorna Colheita Tardia Tinto 2016 &#8226; Quinta da Alorna<\/title>\n<meta name=\"robots\" content=\"index, follow, max-snippet:-1, max-image-preview:large, max-video-preview:-1\" \/>\n<link rel=\"canonical\" href=\"https:\/\/alorna.pt\/en\/produto\/quinta-da-alorna-colheita-tardia-tinto-2016\/\" \/>\n<meta property=\"og:locale\" content=\"en_US\" \/>\n<meta property=\"og:type\" content=\"article\" \/>\n<meta property=\"og:title\" content=\"Quinta da Alorna Colheita Tardia Tinto 2016 &#8226; Quinta da Alorna\" \/>\n<meta property=\"og:description\" content=\"Cor rubi com laivos vermelhos. \u00c9 um vinho distinto exibindo [...]\" \/>\n<meta property=\"og:url\" content=\"https:\/\/alorna.pt\/en\/produto\/quinta-da-alorna-colheita-tardia-tinto-2016\/\" \/>\n<meta property=\"og:site_name\" content=\"Quinta da Alorna\" \/>\n<meta property=\"article:publisher\" content=\"https:\/\/www.facebook.com\/QtaAlorna\" \/>\n<meta property=\"article:modified_time\" content=\"2025-12-09T11:42:52+00:00\" \/>\n<meta property=\"og:image\" content=\"https:\/\/alorna.pt\/wp-content\/uploads\/2025\/03\/CTT-2026_Loja.jpg\" \/>\n\t<meta property=\"og:image:width\" content=\"1024\" \/>\n\t<meta property=\"og:image:height\" content=\"1024\" \/>\n\t<meta property=\"og:image:type\" content=\"image\/jpeg\" \/>\n<meta name=\"twitter:card\" content=\"summary_large_image\" \/>\n<meta name=\"twitter:label1\" content=\"Est. reading time\" \/>\n\t<meta name=\"twitter:data1\" content=\"1 minute\" \/>\n<script type=\"application\/ld+json\" class=\"yoast-schema-graph\">{\"@context\":\"https:\\\/\\\/schema.org\",\"@graph\":[{\"@type\":\"WebPage\",\"@id\":\"https:\\\/\\\/alorna.pt\\\/en\\\/produto\\\/quinta-da-alorna-colheita-tardia-tinto-2016\\\/\",\"url\":\"https:\\\/\\\/alorna.pt\\\/en\\\/produto\\\/quinta-da-alorna-colheita-tardia-tinto-2016\\\/\",\"name\":\"Quinta da Alorna Colheita Tardia Tinto 2016 &#8226; Quinta da Alorna\",\"isPartOf\":{\"@id\":\"https:\\\/\\\/alorna.pt\\\/en\\\/#website\"},\"primaryImageOfPage\":{\"@id\":\"https:\\\/\\\/alorna.pt\\\/en\\\/produto\\\/quinta-da-alorna-colheita-tardia-tinto-2016\\\/#primaryimage\"},\"image\":{\"@id\":\"https:\\\/\\\/alorna.pt\\\/en\\\/produto\\\/quinta-da-alorna-colheita-tardia-tinto-2016\\\/#primaryimage\"},\"thumbnailUrl\":\"https:\\\/\\\/alorna.pt\\\/wp-content\\\/uploads\\\/2025\\\/03\\\/CTT-2026_Loja.jpg\",\"datePublished\":\"2025-03-21T14:17:03+00:00\",\"dateModified\":\"2025-12-09T11:42:52+00:00\",\"breadcrumb\":{\"@id\":\"https:\\\/\\\/alorna.pt\\\/en\\\/produto\\\/quinta-da-alorna-colheita-tardia-tinto-2016\\\/#breadcrumb\"},\"inLanguage\":\"en-US\",\"potentialAction\":[{\"@type\":\"ReadAction\",\"target\":[\"https:\\\/\\\/alorna.pt\\\/en\\\/produto\\\/quinta-da-alorna-colheita-tardia-tinto-2016\\\/\"]}]},{\"@type\":\"ImageObject\",\"inLanguage\":\"en-US\",\"@id\":\"https:\\\/\\\/alorna.pt\\\/en\\\/produto\\\/quinta-da-alorna-colheita-tardia-tinto-2016\\\/#primaryimage\",\"url\":\"https:\\\/\\\/alorna.pt\\\/wp-content\\\/uploads\\\/2025\\\/03\\\/CTT-2026_Loja.jpg\",\"contentUrl\":\"https:\\\/\\\/alorna.pt\\\/wp-content\\\/uploads\\\/2025\\\/03\\\/CTT-2026_Loja.jpg\",\"width\":1024,\"height\":1024},{\"@type\":\"BreadcrumbList\",\"@id\":\"https:\\\/\\\/alorna.pt\\\/en\\\/produto\\\/quinta-da-alorna-colheita-tardia-tinto-2016\\\/#breadcrumb\",\"itemListElement\":[{\"@type\":\"ListItem\",\"position\":1,\"name\":\"In\u00edcio\",\"item\":\"https:\\\/\\\/alorna.pt\\\/en\\\/\"},{\"@type\":\"ListItem\",\"position\":2,\"name\":\"Products\",\"item\":\"https:\\\/\\\/alorna.pt\\\/en\\\/shop\\\/\"},{\"@type\":\"ListItem\",\"position\":3,\"name\":\"Quinta da Alorna Colheita Tardia Tinto 2016\"}]},{\"@type\":\"WebSite\",\"@id\":\"https:\\\/\\\/alorna.pt\\\/en\\\/#website\",\"url\":\"https:\\\/\\\/alorna.pt\\\/en\\\/\",\"name\":\"Quinta da Alorna\",\"description\":\"\",\"publisher\":{\"@id\":\"https:\\\/\\\/alorna.pt\\\/en\\\/#organization\"},\"potentialAction\":[{\"@type\":\"SearchAction\",\"target\":{\"@type\":\"EntryPoint\",\"urlTemplate\":\"https:\\\/\\\/alorna.pt\\\/en\\\/?s={search_term_string}\"},\"query-input\":{\"@type\":\"PropertyValueSpecification\",\"valueRequired\":true,\"valueName\":\"search_term_string\"}}],\"inLanguage\":\"en-US\"},{\"@type\":\"Organization\",\"@id\":\"https:\\\/\\\/alorna.pt\\\/en\\\/#organization\",\"name\":\"Quinta da Alorna\",\"url\":\"https:\\\/\\\/alorna.pt\\\/en\\\/\",\"logo\":{\"@type\":\"ImageObject\",\"inLanguage\":\"en-US\",\"@id\":\"https:\\\/\\\/alorna.pt\\\/en\\\/#\\\/schema\\\/logo\\\/image\\\/\",\"url\":\"http:\\\/\\\/alorna.pt\\\/wp-content\\\/uploads\\\/2021\\\/04\\\/alorna.png\",\"contentUrl\":\"http:\\\/\\\/alorna.pt\\\/wp-content\\\/uploads\\\/2021\\\/04\\\/alorna.png\",\"width\":208,\"height\":134,\"caption\":\"Quinta da Alorna\"},\"image\":{\"@id\":\"https:\\\/\\\/alorna.pt\\\/en\\\/#\\\/schema\\\/logo\\\/image\\\/\"},\"sameAs\":[\"https:\\\/\\\/www.facebook.com\\\/QtaAlorna\",\"http:\\\/\\\/instagram.com\\\/QuintaDaAlorna\"]}]}<\/script>\n<!-- \/ Yoast SEO plugin. -->","yoast_head_json":{"title":"Quinta da Alorna Colheita Tardia Tinto 2016 &#8226; Quinta da Alorna","robots":{"index":"index","follow":"follow","max-snippet":"max-snippet:-1","max-image-preview":"max-image-preview:large","max-video-preview":"max-video-preview:-1"},"canonical":"https:\/\/alorna.pt\/en\/produto\/quinta-da-alorna-colheita-tardia-tinto-2016\/","og_locale":"en_US","og_type":"article","og_title":"Quinta da Alorna Colheita Tardia Tinto 2016 &#8226; Quinta da Alorna","og_description":"Cor rubi com laivos vermelhos. \u00c9 um vinho distinto exibindo [...]","og_url":"https:\/\/alorna.pt\/en\/produto\/quinta-da-alorna-colheita-tardia-tinto-2016\/","og_site_name":"Quinta da Alorna","article_publisher":"https:\/\/www.facebook.com\/QtaAlorna","article_modified_time":"2025-12-09T11:42:52+00:00","og_image":[{"width":1024,"height":1024,"url":"https:\/\/alorna.pt\/wp-content\/uploads\/2025\/03\/CTT-2026_Loja.jpg","type":"image\/jpeg"}],"twitter_card":"summary_large_image","twitter_misc":{"Est. reading time":"1 minute"},"schema":{"@context":"https:\/\/schema.org","@graph":[{"@type":"WebPage","@id":"https:\/\/alorna.pt\/en\/produto\/quinta-da-alorna-colheita-tardia-tinto-2016\/","url":"https:\/\/alorna.pt\/en\/produto\/quinta-da-alorna-colheita-tardia-tinto-2016\/","name":"Quinta da Alorna Colheita Tardia Tinto 2016 &#8226; Quinta da Alorna","isPartOf":{"@id":"https:\/\/alorna.pt\/en\/#website"},"primaryImageOfPage":{"@id":"https:\/\/alorna.pt\/en\/produto\/quinta-da-alorna-colheita-tardia-tinto-2016\/#primaryimage"},"image":{"@id":"https:\/\/alorna.pt\/en\/produto\/quinta-da-alorna-colheita-tardia-tinto-2016\/#primaryimage"},"thumbnailUrl":"https:\/\/alorna.pt\/wp-content\/uploads\/2025\/03\/CTT-2026_Loja.jpg","datePublished":"2025-03-21T14:17:03+00:00","dateModified":"2025-12-09T11:42:52+00:00","breadcrumb":{"@id":"https:\/\/alorna.pt\/en\/produto\/quinta-da-alorna-colheita-tardia-tinto-2016\/#breadcrumb"},"inLanguage":"en-US","potentialAction":[{"@type":"ReadAction","target":["https:\/\/alorna.pt\/en\/produto\/quinta-da-alorna-colheita-tardia-tinto-2016\/"]}]},{"@type":"ImageObject","inLanguage":"en-US","@id":"https:\/\/alorna.pt\/en\/produto\/quinta-da-alorna-colheita-tardia-tinto-2016\/#primaryimage","url":"https:\/\/alorna.pt\/wp-content\/uploads\/2025\/03\/CTT-2026_Loja.jpg","contentUrl":"https:\/\/alorna.pt\/wp-content\/uploads\/2025\/03\/CTT-2026_Loja.jpg","width":1024,"height":1024},{"@type":"BreadcrumbList","@id":"https:\/\/alorna.pt\/en\/produto\/quinta-da-alorna-colheita-tardia-tinto-2016\/#breadcrumb","itemListElement":[{"@type":"ListItem","position":1,"name":"In\u00edcio","item":"https:\/\/alorna.pt\/en\/"},{"@type":"ListItem","position":2,"name":"Products","item":"https:\/\/alorna.pt\/en\/shop\/"},{"@type":"ListItem","position":3,"name":"Quinta da Alorna Colheita Tardia Tinto 2016"}]},{"@type":"WebSite","@id":"https:\/\/alorna.pt\/en\/#website","url":"https:\/\/alorna.pt\/en\/","name":"Quinta da Alorna","description":"","publisher":{"@id":"https:\/\/alorna.pt\/en\/#organization"},"potentialAction":[{"@type":"SearchAction","target":{"@type":"EntryPoint","urlTemplate":"https:\/\/alorna.pt\/en\/?s={search_term_string}"},"query-input":{"@type":"PropertyValueSpecification","valueRequired":true,"valueName":"search_term_string"}}],"inLanguage":"en-US"},{"@type":"Organization","@id":"https:\/\/alorna.pt\/en\/#organization","name":"Quinta da Alorna","url":"https:\/\/alorna.pt\/en\/","logo":{"@type":"ImageObject","inLanguage":"en-US","@id":"https:\/\/alorna.pt\/en\/#\/schema\/logo\/image\/","url":"http:\/\/alorna.pt\/wp-content\/uploads\/2021\/04\/alorna.png","contentUrl":"http:\/\/alorna.pt\/wp-content\/uploads\/2021\/04\/alorna.png","width":208,"height":134,"caption":"Quinta da Alorna"},"image":{"@id":"https:\/\/alorna.pt\/en\/#\/schema\/logo\/image\/"},"sameAs":["https:\/\/www.facebook.com\/QtaAlorna","http:\/\/instagram.com\/QuintaDaAlorna"]}]}},"_links":{"self":[{"href":"https:\/\/alorna.pt\/en\/wp-json\/wp\/v2\/product\/14385","targetHints":{"allow":["GET"]}}],"collection":[{"href":"https:\/\/alorna.pt\/en\/wp-json\/wp\/v2\/product"}],"about":[{"href":"https:\/\/alorna.pt\/en\/wp-json\/wp\/v2\/types\/product"}],"replies":[{"embeddable":true,"href":"https:\/\/alorna.pt\/en\/wp-json\/wp\/v2\/comments?post=14385"}],"wp:featuredmedia":[{"embeddable":true,"href":"https:\/\/alorna.pt\/en\/wp-json\/wp\/v2\/media\/14386"}],"wp:attachment":[{"href":"https:\/\/alorna.pt\/en\/wp-json\/wp\/v2\/media?parent=14385"}],"wp:term":[{"taxonomy":"product_brand","embeddable":true,"href":"https:\/\/alorna.pt\/en\/wp-json\/wp\/v2\/product_brand?post=14385"},{"taxonomy":"product_cat","embeddable":true,"href":"https:\/\/alorna.pt\/en\/wp-json\/wp\/v2\/product_cat?post=14385"},{"taxonomy":"product_tag","embeddable":true,"href":"https:\/\/alorna.pt\/en\/wp-json\/wp\/v2\/product_tag?post=14385"}],"curies":[{"name":"wp","href":"https:\/\/api.w.org\/{rel}","templated":true}]}}

<p>Cor rubi com laivos vermelhos. É um vinho distinto exibindo aromas de ginja, geleia de frutos vermelhos e um toque subtil de chocolate negro. Apresenta volume e estrutura para equilibrar a doçura e a acidez. A boca é de textura cremosa com sugestões de rebuçado e especiarias. Final de boca persistente, longo e refrescante, final surpreendente e agradável.</p>
<ul>
<li>Casta: Tinta Miúda;</li>
<li>Sugestões de acompanhamento: Como aperitivo, Queijos fundidos, Cubos de chocolate, Frutos silvestres, Cheesecake ou Bolos à base de especiarias.</li>
<li>Temperatura Recomendada: 12ºC.</li>
</ul>
<p>FORMATO | 375ml</p>

<p>Cor rubi com laivos vermelhos. É um vinho distinto exibindo  [&#8230;]</p>

<!-- This site is optimized with the Yoast SEO plugin v27.5 - https://yoast.com/product/yoast-seo-wordpress/ -->
<title>Quinta da Alorna Colheita Tardia Tinto 2016 &#8226; Quinta da Alorna</title>
<meta name="robots" content="index, follow, max-snippet:-1, max-image-preview:large, max-video-preview:-1" />
<link rel="canonical" href="https://alorna.pt/en/produto/quinta-da-alorna-colheita-tardia-tinto-2016/" />
<meta property="og:locale" content="en_US" />
<meta property="og:type" content="article" />
<meta property="og:title" content="Quinta da Alorna Colheita Tardia Tinto 2016 &#8226; Quinta da Alorna" />
<meta property="og:description" content="Cor rubi com laivos vermelhos. É um vinho distinto exibindo [...]" />
<meta property="og:url" content="https://alorna.pt/en/produto/quinta-da-alorna-colheita-tardia-tinto-2016/" />
<meta property="og:site_name" content="Quinta da Alorna" />
<meta property="article:publisher" content="https://www.facebook.com/QtaAlorna" />
<meta property="article:modified_time" content="2025-12-09T11:42:52+00:00" />
<meta property="og:image" content="https://alorna.pt/wp-content/uploads/2025/03/CTT-2026_Loja.jpg" />
	<meta property="og:image:width" content="1024" />
	<meta property="og:image:height" content="1024" />
	<meta property="og:image:type" content="image/jpeg" />
<meta name="twitter:card" content="summary_large_image" />
<meta name="twitter:label1" content="Est. reading time" />
	<meta name="twitter:data1" content="1 minute" />
<script type="application/ld+json" class="yoast-schema-graph">{"@context":"https:\/\/schema.org","@graph":[{"@type":"WebPage","@id":"https:\/\/alorna.pt\/en\/produto\/quinta-da-alorna-colheita-tardia-tinto-2016\/","url":"https:\/\/alorna.pt\/en\/produto\/quinta-da-alorna-colheita-tardia-tinto-2016\/","name":"Quinta da Alorna Colheita Tardia Tinto 2016 &#8226; Quinta da Alorna","isPartOf":{"@id":"https:\/\/alorna.pt\/en\/#website"},"primaryImageOfPage":{"@id":"https:\/\/alorna.pt\/en\/produto\/quinta-da-alorna-colheita-tardia-tinto-2016\/#primaryimage"},"image":{"@id":"https:\/\/alorna.pt\/en\/produto\/quinta-da-alorna-colheita-tardia-tinto-2016\/#primaryimage"},"thumbnailUrl":"https:\/\/alorna.pt\/wp-content\/uploads\/2025\/03\/CTT-2026_Loja.jpg","datePublished":"2025-03-21T14:17:03+00:00","dateModified":"2025-12-09T11:42:52+00:00","breadcrumb":{"@id":"https:\/\/alorna.pt\/en\/produto\/quinta-da-alorna-colheita-tardia-tinto-2016\/#breadcrumb"},"inLanguage":"en-US","potentialAction":[{"@type":"ReadAction","target":["https:\/\/alorna.pt\/en\/produto\/quinta-da-alorna-colheita-tardia-tinto-2016\/"]}]},{"@type":"ImageObject","inLanguage":"en-US","@id":"https:\/\/alorna.pt\/en\/produto\/quinta-da-alorna-colheita-tardia-tinto-2016\/#primaryimage","url":"https:\/\/alorna.pt\/wp-content\/uploads\/2025\/03\/CTT-2026_Loja.jpg","contentUrl":"https:\/\/alorna.pt\/wp-content\/uploads\/2025\/03\/CTT-2026_Loja.jpg","width":1024,"height":1024},{"@type":"BreadcrumbList","@id":"https:\/\/alorna.pt\/en\/produto\/quinta-da-alorna-colheita-tardia-tinto-2016\/#breadcrumb","itemListElement":[{"@type":"ListItem","position":1,"name":"Início","item":"https:\/\/alorna.pt\/en\/"},{"@type":"ListItem","position":2,"name":"Products","item":"https:\/\/alorna.pt\/en\/shop\/"},{"@type":"ListItem","position":3,"name":"Quinta da Alorna Colheita Tardia Tinto 2016"}]},{"@type":"WebSite","@id":"https:\/\/alorna.pt\/en\/#website","url":"https:\/\/alorna.pt\/en\/","name":"Quinta da Alorna","description":"","publisher":{"@id":"https:\/\/alorna.pt\/en\/#organization"},"potentialAction":[{"@type":"SearchAction","target":{"@type":"EntryPoint","urlTemplate":"https:\/\/alorna.pt\/en\/?s={search_term_string}"},"query-input":{"@type":"PropertyValueSpecification","valueRequired":true,"valueName":"search_term_string"}}],"inLanguage":"en-US"},{"@type":"Organization","@id":"https:\/\/alorna.pt\/en\/#organization","name":"Quinta da Alorna","url":"https:\/\/alorna.pt\/en\/","logo":{"@type":"ImageObject","inLanguage":"en-US","@id":"https:\/\/alorna.pt\/en\/#\/schema\/logo\/image\/","url":"http:\/\/alorna.pt\/wp-content\/uploads\/2021\/04\/alorna.png","contentUrl":"http:\/\/alorna.pt\/wp-content\/uploads\/2021\/04\/alorna.png","width":208,"height":134,"caption":"Quinta da Alorna"},"image":{"@id":"https:\/\/alorna.pt\/en\/#\/schema\/logo\/image\/"},"sameAs":["https:\/\/www.facebook.com\/QtaAlorna","http:\/\/instagram.com\/QuintaDaAlorna"]}]}</script>
<!-- / Yoast SEO plugin. -->

Cor rubi com laivos vermelhos. É um vinho distinto exibindo [...]

Início
